
Let b be ((-316)/(-6))/((-18)/(-27)). Let v = b + -75. Suppose -v*i = -203 - 61. What is the highest common factor of i and 44?
22
Suppose -36*n = 28*n - 12*n - 53872. Calculate the highest common divisor of n and 168.
28
Suppose -2*q - y = -413, -2*y + 176 + 38 = q. What is the greatest common divisor of q and 1717?
17
Let l be (2/4*-6)/1. Let q be -8*(2/l + (-234)/54). What is the highest common divisor of 360 and q?
40
Suppose -7*y = -34*y. Suppose y = -8*o + 460 - 12. What is the greatest common divisor of 728 and o?
56
Suppose 25 - 41 = g. Let o be (-4)/(-10) + g/(-10). Let p be (o + -4)*(-15)/2. Calculate the highest common divisor of 5 and p.
5
Suppose -128*l - 130 = -129*l + v, 3*l - 394 = 4*v. Suppose 10 = 5*t - 25. What is the highest common divisor of l and t?
7
Suppose -5*t - 236 = 2*d, 0*t - 2*t + 392 = -3*d. Let h be (d/(-48))/((-4)/(-78)). Calculate the highest common factor of 546 and h.
26
Suppose -65 = 188*s - 193*s, -5*w - 2*s + 251 = 0. Suppose -m = -3*m + 22. Suppose -2*v + 19 = -m. What is the highest common divisor of w and v?
15
Let f(t) = -9*t**3 + 80*t**2 + 317*t - 4. Let g be f(-4). What is the highest common factor of g and 13140?
292
Let a(l) = 10*l**3 - 10*l**2 + 2*l - 8. Let c be a(4). Suppose 0*i - c = -10*i. Suppose 12*m - 16*m = -i. What is the greatest common divisor of 30 and m?
6
Suppose -2*n + 11 = -9. Let w be (-1)/(((-64)/(-24))/(-8)). Suppose -5*p + 2*j - 44 = -10*p, 2*j + 36 = w*p. Calculate the highest common divisor of p and n.
10
Let p be (-8)/(-2)*(-18)/24. Let z be (154 - 160)*p/((-9)/(-44)). Let n be 178/8 + 3/(-12). What is the greatest common factor of n and z?
22
Let n = 222 - 75. Suppose 0 = -7*x + 486 + 690. Calculate the greatest common divisor of n and x.
21
Let q(z) = z**2 + 14*z - 21. Let b be q(-15). Let s be b/(14/28 - (0 - 1)). Let r be (-7)/(21/(-6))*(-2)/s. What is the highest common factor of r and 4?
1
Suppose -3 = -4*l + 2*h - 19, -2*l = -3*h. Let u be l/2 + (-189)/(-14)*2. Calculate the highest common divisor of 72 and u.
24
Let o be (12/(-5))/(292/(-5475)). Calculate the greatest common factor of 153 and o.
9
Let u = 27936 + -11978. Calculate the greatest common divisor of u and 202.
202
Let j = 1337 + -1217. Calculate the greatest common factor of j and 180.
60
Suppose 0 = f + 1 - 5. Let b = 384 + -386. Let y be ((1 - -7) + -10)*(-7 - b). Calculate the highest common divisor of f and y.
2
Suppose 6 = 2*f + f, -5*f - 342 = -2*m. Suppose 285*n - m = 284*n. What is the greatest common divisor of 44 and n?
44
Suppose 0*q - 473 = -2*i + 5*q, 4*i - 985 = -3*q. Let p = 258 - i. Calculate the highest common factor of p and 77.
7
Let y be (-142087)/(-21) + 611/(-12831). Calculate the highest common factor of y and 102.
34
Suppose 1 = w + 19. Let p be ((-7)/(-3) - 3)/(4/w). Let f be (-6)/(-2) + p*4. What is the highest common divisor of f and 105?
15
Let p be 37 - 2 - ((8 - 3) + -3). Suppose -3*k - 3 + 18 = 0. Suppose 9 = k*l - 2*l. What is the highest common factor of l and p?
3
Let u(o) = o**2 - 8*o + 59. Let c be u(-7). What is the highest common factor of 451 and c?
41
Let d = 59 - 58. Let g = 4 - d. Let h be 30/(g - 1) + 0. Calculate the highest common divisor of 75 and h.
15
Let n = 4143 + -4048. What is the greatest common divisor of n and 760?
95
Let c(n) = -17*n - 120. Let a be c(-7). Let s be 19 - a/((-5)/(-9 + -1)). Let o = 30 + -16. What is the greatest common divisor of o and s?
7
Suppose 249*z + 3774 - 7076 - 4915 = 0. Calculate the highest common divisor of z and 69.
3
Let k(u) = -18*u**2 + 13*u**2 + 28 + 4*u**2. Suppose 7*y = -35 - 0. Let h be k(y). Calculate the highest common divisor of h and 21.
3
Suppose 3*s - m + 55 = -8, -51 = 3*s + 3*m. Let c = s + 91. Let q = -67 + c. Calculate the highest common factor of q and 28.
4
Let w = -5305 + 6969. What is the greatest common factor of 26 and w?
26
Suppose 48229 + 20771 = 345*q. Calculate the greatest common divisor of q and 550.
50
Suppose -x + 56 = 5*p + 3*x, 0 = 3*p + 2*x - 32. Let k = 20 + p. What is the greatest common divisor of k and 63?
7
Suppose 2*r + 2*y - 32 = -0*y, -82 = -5*r - 4*y. Suppose -4*w - r = -26. Calculate the greatest common factor of w and 9.
1
Let x = 822 - 410. Let v = 478 - x. What is the greatest common divisor of v and 143?
11
Let s be 23/207 + (-1600)/(-18). Suppose -s = -3*z + 109. What is the highest common factor of 363 and z?
33
Let o(z) = 415*z**3 - z**2 - 38*z + 39. Let c be o(1). What is the highest common factor of 5 and c?
5
Suppose -9*h = 3*l - 173031, 83*l - 57687 = -3*h + 80*l. What is the highest common divisor of h and 216?
216
Let z(l) = -11*l**3 + 26*l**2 + 79*l + 6. Let f be z(-3). Calculate the greatest common divisor of f and 1260.
60
Let z = -13952 + 19588. What is the greatest common factor of z and 4?
4
Suppose 2*i - 59 = 301. Suppose i - 204 = -u. Calculate the greatest common divisor of 32 and u.
8
Let m = 6182 + -6067. Calculate the greatest common divisor of m and 529.
23
Let i = -7 - -10. Let r be (-27 - -234 - 26) + -4. What is the highest common factor of r and i?
3
Let j = -24713 - -24740. Calculate the greatest common factor of 23868 and j.
27
Let q be (-2)/13 + (-288)/(-13). Suppose 6*j - 10 = -q. Let n be (-4)/(-6)*(j + 5). Calculate the greatest common factor of n and 26.
2
Let i(v) = -98*v - 886. Let b be i(-16). Calculate the greatest common divisor of 155 and b.
31
Suppose 3*d + b - 1590 = 4*b, d - 4*b = 524. Suppose 1 = -n + 9. Let y be (14/n)/(19/d). Calculate the greatest common divisor of 7 and y.
7
Suppose 0*j + 4*j = -2*c + 28, 14 = 2*j + 4*c. Let m = 4 + -2. Suppose 0 = -m*k - 2*g + 16 + 2, -2 = -g. What is the greatest common divisor of j and k?
7
Suppose 1341 = 4*p + 153. Let v = -1333 + 3250. Let a be v/72 + (-3)/(-8). What is the highest common divisor of a and p?
27
Let x(j) = -j**3 + 14*j**2 + 9*j - 25. Suppose 65 = 64*v - 59*v. Let y be x(v). What is the greatest common factor of 27 and y?
9
Suppose -906 = -21*q - 234. Suppose 0 = -q*g + 22*g + 110. Let j(u) = -28*u - 1. Let l be j(-2). What is the highest common divisor of l and g?
11
Let y = -87 + 178. Suppose 39*m - 4128 = 7*m. Let b = m - y. What is the highest common factor of b and 190?
38
Suppose -2*i - 5*x - 18734 + 18777 = 0, -6*x = 2*i - 46. Let j = -617 + 1018. Suppose 0 = 5*l + j - 1171. What is the greatest common factor of i and l?
14
Suppose -246*v + 250*v - 616 = 0. What is the highest common factor of v and 110?
22
Suppose 3*y + 0*l - 216 = l, 360 = 5*y + 4*l. Let h(n) = 4*n - 1. Let f be h(-3). Let j = 61 + f. Calculate the highest common factor of y and j.
24
Suppose 2*s + 7279 = 5*s - 5*c, 0 = -2*s - 3*c + 4878. Calculate the greatest common factor of s and 3.
3
Let l be (18/(-36) - 4)/(1/(-30)). What is the highest common factor of 2592 and l?
27
Suppose -2*v + 759 + 41 = 0. Let h = 462562 + -462512. Calculate the highest common factor of h and v.
50
Let t = -43 + 46. Let z be t*(-1 - -3) - 5. Let f be 8/6 - z - 51/(-9). What is the greatest common divisor of f and 78?
6
Let z be -66 - 1 - 28/7. Let s = z - -80. Suppose -49 = -s*b + 14. What is the greatest common factor of 14 and b?
7
Let l be -14*(-2 - (0 + -1)). Suppose 0 = 2*c + 14*c - 48. Suppose g - l = -c. Calculate the greatest common divisor of g and 33.
11
Let u(m) = -153*m - 61. Let a be u(-1). Suppose -5*f = -178 - a. What is the highest common divisor of f and 324?
54
Suppose -5*k + 50 = 3*g, 4*g = 2*k + 3*k + 55. Let w be (-825)/2750 + 33/10. Calculate the highest common factor of w and g.
3
Let z be ((-495)/(-27) + 0)*(0 + 3). Calculate the highest common factor of z and 4345.
55
Suppose 23 = -13*w + 75. Suppose -4*d = 16, w*f + f - 5*d - 120 = 0. What is the highest common factor of 140 and f?
20
Suppose 12636 = -802*w + 910*w. Let v(n) = n**2 + 2*n + 2. Let l be v(-6). What is the highest common factor of l and w?
13
Let b = -1270 + 2364. Suppose -6*v + b = -328. Calculate the greatest common divisor of 316 and v.
79
Suppose 230*s + 144 = 233*s. Let b = 210 - 98. What is the highest common factor of b and s?
16
Suppose -10*p = -23777 + 13457. Calculate the highest common factor of 903 and p.
129
Let p(t) = 789*t**3 - 64*t**2 + 242*t - 22. Let i be p(4). Calculate the greatest common divisor of i and